 = m**3 - 14*m**2 + 2*m - 1. Suppose 3*q + 60 = 8*q. Let c be j(q). Is (c/5)/(1 + -2) a composite number?
False
Suppose -627 = -4*q + 1949. Is (-4)/18 - q/(-63) composite?
True
Suppose -2*d + 3*g - 2 = -1, 0 = 3*d - 4*g. Suppose d*w = -2*x + 417 + 5, -w = 5. Is x composite?
True
Suppose 4*j - 2*y + 2 = 16, 4*y = -3*j - 6. Is 1 - 2*(j - 133) a prime number?
True
Let t(z) = z**3 - z**2 - 4*z - 5. Let l be t(-4). Let y = 145 + l. Suppose n - y = -3*n. Is n a prime number?
True
Let i = -18 - -25. Let w = 30 + i. Is w a prime number?
True
Let n(s) = s**2 + 4*s. Let q be n(-3). Is (-537)/q - 0/(-2) a composite number?
False
Suppose -4*d = -5*o - 416, 5*o - 3*o + 3*d + 148 = 0. Let r = -41 - o. Is r prime?
False
Suppose 0 = -4*k - k - 30. Is (-2)/k*3 - -130 a prime number?
True
Let f = 140 - 30. Suppose -75 = -5*a + f. Is a prime?
True
Let z = 168 - -12. Suppose 0*n + 4*n - 713 = -5*t, z = n + 3*t. Is n composite?
True
Let s(g) = g**2 - 3*g. Let y be s(4). Let f be 20*3/14*7. Is (y/10)/(3/f) a composite number?
True
Suppose 4*i = i - 2*u + 261, -3*i = 4*u - 261. Is i a composite number?
True
Let u = -240 + -1592. Let n = u + 1246. Is (n/8)/((-1)/4) a prime number?
True
Suppose -5*m + 7707 + 2258 = 0. Is m prime?
True
Suppose -161 = 5*p - 61. Let x be (-8)/p + (-316)/(-10). Let i = x + -17. Is i prime?
False
Let t be 26*2 + 0 + 0. Suppose -3*v - 14 = 4*g, 3*g + 6 = 2*v - 13. Suppose -3*l = 4*j - 155, v*j = -l + 23 + t. Is j a composite number?
True
Suppose t - 4*t = 9. Let r(w) = 2*w + 51. Let x(q) = q + 25. Let b(o) = t*r(o) + 7*x(o). Is b(0) composite?
True
Let m be (-4)/14 - (-116)/14. Let t(h) = h**2 - 5. Is t(m) a prime number?
True
Let m(t) = 65*t**2 - 1. Is m(2) a prime number?
False
Suppose 0 = -5*q - 61 + 1436. Let n(l) = l**3 + 3*l**2 + l + 2. Let v be n(-6). Let z = v + q. Is z a prime number?
True
Suppose 4*h = -2*z + 5274, 4*z + 1005 + 309 = h. Is h composite?
True
Let h(w) = -3*w. Let i be h(-3). Is (-348)/(-2) - i/(-3) composite?
True
Suppose s + 9 = 4*s. Suppose -s*i = 5*g - 33, g = -2*g. Is i a composite number?
False
Let w be 1907/3 - (-3)/9. Is 12/8*w/9 a composite number?
True
Let y = 226 - -27. Is y prime?
False
Suppose 0 = -2*j - 6, 0*h - j + 5207 = 5*h. Is h prime?
False
Suppose p + 5 = 0, -4*v - 4*p - p = -23. Is (-1)/6 + 1094/v a prime number?
False
Suppose -f = 2*l - 2427, -2*l = -3*f + 2*l + 7291. Is f a composite number?
True
Let a be (-702)/(-3) + 1 + -2. Let u = -75 + a. Is u composite?
True
Let o = 36 + -19. Let h = 150 - o. Is h prime?
False
Suppose -1790 = -4*w + 2*j, -w - 5*j + 913 = w. Is w prime?
True
Let d(s) = -3*s**2 + 1 + 0*s**2 - 2*s - 5*s. Let r be d(6). Let y = r - -226. Is y a composite number?
True
Let n(q) = 30*q**2 + 10*q - 53. Is n(6) composite?
False
Let l(o) = -13*o - 4. Let h be l(-5). Suppose 4*t - 114 = 50. Suppose 3*p - t = h. Is p composite?
True
Is (-8)/(-20) - (4509/(-15) - 0) composite?
True
Suppose 3*j + 6 = -0, -i - 2*j = -392. Suppose -i = -3*y + 5*m, y - 3*m - 56 - 80 = 0. Is y a prime number?
True
Let d(i) = 7*i + 1. Is d(3) a prime number?
False
Let s be (-1*(3 - 0 - 3))/2. Let n be 3*(0 + 4 + 1). Suppose 3*b + n = s, 3*h - 292 = -2*b - 53. Is h prime?
True
Suppose -z = -5*c + 97 + 1, -5*c = 4*z - 108. Suppose 4*o = g + 89, 4*g - 61 = -3*o + c. Is o a prime number?
True
Suppose 4*p - 1099 = 2057. Is p prime?
False
Suppose -k + 703 = 2*y, -6*k + k - 709 = -2*y. Is y - (-3 - 0/3) prime?
False
Suppose 0 = 2*u + 5*i - 74, -u - 2*i + 26 = -11. Let j = 18 + u. Is j a composite number?
True
Is (-1)/(4/(-844) - 0) a prime number?
True
Let i = -1893 - -2770. Is i prime?
True
Let b be (-2)/3 - (-4192)/(-12). Let q = 507 + b. Is q composite?
False
Suppose 35 + 40 = 5*f. Let b(u) = u**3 - 9*u**2 + 5. Let z be b(9). Suppose -29 = 2*y - z*v - 106, -f = -5*v. Is y a composite number?
True
Suppose -2 + 1 = f. Let k be (f - 0 - -1)/(-1). Suppose -5*t + t + 652 = k. Is t prime?
True
Is 4722/(-4)*(-4)/6 a composite number?
False
Suppose 779 = 4*x - 3*y, 0 = -3*x + 5*y - 0*y + 598. Is x composite?
False
Is (5 - 1) + (3 - -122) prime?
False
Let h(c) = 1 + 8 + 5*c - 6*c. Let b be h(7). Suppose -o - 79 = -b*o. Is o a composite number?
False
Let d be (-11)/(-4) + 6/(-8). Let x be ((-13)/d - -2)*-12. Let h = 79 - x. Is h composite?
True
Let f(w) = 21*w**3 + 2*w**2 - 2*w - 2. Is f(3) a prime number?
True
Is (-2 + (-12)/((-16)/4))*941 composite?
False
Suppose -884 = 18*s - 22*s. Is s composite?
True
Suppose j + 5*s = 3588, -4*j + s + 10136 + 4237 = 0. Is j a prime number?
True
Suppose -4*h + 68 = -68. Let k = 213 + h. Is k composite?
True
Suppose -3 = 5*h - 0*s + 3*s, -4*h - s = 1. Suppose h*d = i - 5*d + 89, 0 = -4*i + d - 280. Is (-7)/(-14) - i/2 a prime number?
False
Let u(a) = -a**3 + 3*a**2 + 7*a - 11. Is u(-10) composite?
True
Let b be (17 - -13) + (-6)/2. Suppose 93 = 2*i + t, -4*t + 105 - b = 2*i. Is i a prime number?
False
Suppose -3*d = 2*f - 4*d - 1348, d = 5*f - 3367. Is f a prime number?
True
Suppose 4*z + 0*d - 2984 = d, 0 = -2*d - 8. Is z a composite number?
True
Let l(u) = 3*u + 10. Let f(x) = -4*x - 11. Let m(p) = 6*f(p) + 7*l(p). Is m(-9) a composite number?
False
Is 2/(-1) - 3*(-33)/3 a composite number?
False
Suppose 3*x = -2*s + 29, -x + 4*s + 7 = 6*s. Suppose -b = -3*c + 19, 2*c + 3*b = 2*b + x. Suppose 0 = -3*j + 2*j + c. Is j prime?
False
Let y be (-7)/14*(1 - 5). Suppose 0 = -y*z - 160 + 560. Suppose -4*t = -4*m + z, 5*t - 4 = m - 66. Is m prime?
True
Is (-4)/8 - (-1788)/8 composite?
False
Let l(r) = 5*r + 6. Let g(b) = -b - 1. Let c(w) = 6*g(w) + l(w). Let d(k) = -5*k + 5. Let n(a) = c(a) + d(a). Is n(-7) composite?
False
Let s = 270 + 241. Is s a prime number?
False
Let k(x) = -128*x + 2. Let n be k(-4). Suppose 3*j - l + 5*l = n, -4*j + 687 = 5*l. Suppose j = 3*a - 59. Is a composite?
False
Is (-21 - 0)*-1 + 2 a prime number?
True
Suppose -f = 6 - 3, 3*w = -2*f + 11055. Is w a prime number?
False
Let r = -839 - -3156. Is r a prime number?
False
Let a = -12 + 13. Is 54 + (4 + -2 - a) composite?
True
Suppose 0 = 4*r - 2*b - 1774, -3*r + 2123 - 793 = -b. Is r a prime number?
True
Is (-24)/8 - 48*6/(-3) a prime number?
False
Suppose 2*a = -a + 1563. Is a composite?
False
Suppose -5*f = -y + 55 + 448, -5*f - y = 497. Let t = f - -67. Let w = 55 + t. Is w a composite number?
True
Suppose 2*o + 2*o = 3*r - 2019, -2019 = -3*r + o. Is r a prime number?
True
Let n = -3863 - -5520. Is n composite?
False
Let y be (-39)/(-3)*(2 + -1). Suppose p + 5*r = -186 + y, 479 = -3*p - 5*r. Let a = p - -246. Is a a prime number?
False
Is (712/(-12))/((-4)/6) a prime number?
True
Suppose 936 = 4*w - 4*v, 5*w + 3*v = -2*v + 1140. Let p = w - 154. Is p a prime number?
False
Let l be 1255/(-10)*(-6)/3. Suppose 0*u + 2*u = -2*t + 184, 2*t + l = 3*u. Is u prime?
False
Let m = 3 + 24. Suppose 5 = -2*r + m. Is r a prime number?
True
Suppose 10604 = 2*g + 1414. Is g a composite number?
True
Let w(t) = t**3. Let n be w(1). Let a be (n - 0)/(2/(-122)). Let q = -42 - a. Is q a composite number?
False
Let g(q) = 9*q**2 + 8*q + 11. Let u(v) = -v**2. Let h(l) = g(l) - 5*u(l). Is h(-6) a prime number?
True
Let k(s) = -2*s + 201. Is k(0) a prime number?
False
Let f = 12 + -16. Let r(l) = 30*l**2 + 3*l - 1. Is r(f) prime?
True
Suppose -46 = -3*y + 89. Suppose -y = -3*t + 462. Is t prime?
False
Let g(p) be the third derivative of -p**4/6 - p**3/6 - 2*p**2. Is g(-9) prime?
False
Suppose -2*r - 4*m = 2*r + 20, 4*r + 16 = -2*m. Suppose -2*n - 12 = -0*n. Is 1/(r/n) + 1 composite?
False
Let l be ((-12)/(-36))/((-1)/(-6)). Let q(t) = 5*t**3 + 2*t**2 + t - 1. Is q(l) prime?
False
Let s = -23 + 17. Is 4/s*(-762)/4 a prime number?
True
Let o be -5 + 3 + 2 + -3. Is (o/(-3))/(3/318) prime?
False
Suppose 5*f + 3*p = -23 + 3756, -p = -5*f + 3749. Is f a prime number?
False
Let o(s) = 9*s - 3. Let f(m) = m**2 - m - 1. Let n(k) = 2*f(k) + o(k). Suppose 4*t - 8*t + 16 = 0. Is n(t) composite?
True
Let c(k) = -k**3 - k**2 - 4*k + 3. Let f be c(3). Is (-34254)/f - (-2)/(-10) a prime number?
True
Suppose -424 = -5*w - 5*p + 381, -4*w = 2*p - 636. Is w prime?
True
Suppose 4*t = 1128 + 84. Is t prime?
False
Suppose -4*d + 67 = -73. Suppose 3 = 3*s - 2*s. Suppose -g + d = -v, g - s*v = 4*g - 117. Is g a composite number?
False
Is (-1)/((10/42)/(-5